Suppose -405*r + 281776162 + 324110818 = 52121165. Is r a prime number?
True
Suppose 9757467 = -22*i + 30520297. Is i a composite number?
True
Is 16693733/42 - 14/(840/50) a composite number?
False
Let f = 338036 - 209379. Is f prime?
True
Let a(d) = 45*d + 37. Let b(o) = -42*o - 41. Let t(v) = -2*a(v) - 3*b(v). Let m be (-1)/(-1) + 0 + 8. Is t(m) composite?
False
Suppose -88 + 352 = 11*x. Is 61365/(-10)*(-16)/x prime?
True
Suppose -138*b + 2*b = 239*b - 15871125. Is b prime?
True
Let t(i) = -19*i**2 + 9*i - 5. Let g be t(9). Let w = -508 - g. Is w a prime number?
False
Let u be 4/48*-4*-9. Is (20/(-12))/(u/(-2493)) prime?
False
Let x be (-6)/(-14)*1 - 22/(-14). Suppose -x*d + 21401 = 2935. Is d composite?
True
Let o(f) = 8*f**2 - 9*f - 23. Let z be o(-3). Suppose -664 = -84*k + z*k. Is k prime?
True
Let q(s) be the third derivative of 1/3*s**3 + 0*s - 1/30*s**5 + 32*s**2 + 1/24*s**4 + 2/15*s**6 + 0. Is q(4) prime?
False
Let g(k) = 8077*k + 2028. Is g(71) a prime number?
False
Suppose -58*d - 282276 = -55*d. Is ((-36)/24)/(18/d) a prime number?
True
Suppose 12*t - 14021 = -5297. Suppose -2*o - o = -2*s - t, o - 4*s = 259. Is o composite?
False
Suppose -5*t - 558 - 292 = 0. Let i = 663 + t. Suppose j + 4 = -5*k + i, -k + 2 = 0. Is j a prime number?
True
Suppose 118*a = 84*a + 15964802. Is a a prime number?
False
Suppose 10*u = 12*u + 12. Let i be 6/((u/8)/(9/(-24))). Is (i - (3 + (3 - 3))) + 743 prime?
True
Let s(g) = 7552*g**2 + 1665*g + 9. Is s(-8) a prime number?
False
Let s = -89 - -23. Let u be (-53)/(2*3/s). Is (-3 - -1) + u*1 composite?
True
Let i(y) = -10*y**2 - 28*y + 29. Let a be i(1). Let v(q) = -3*q**3 - 2*q**2 - 5*q - 11. Is v(a) prime?
False
Let m(y) = -2785*y**3 - 26*y**2 - 141*y - 19. Is m(-6) a prime number?
True
Let t = -9647 + -18328. Let j = t - -19031. Let f = -4397 - j. Is f a prime number?
True
Suppose -2 - 13 = -3*f. Let t = 5 - f. Suppose t = -9*n + 1629 - 162. Is n a prime number?
True
Let g(o) = 1. Let d(a) = 7. Let i(x) = -d(x) + 6*g(x). Let c(h) = 36*h - 16. Let s(t) = -c(t) + 3*i(t). Is s(-9) a prime number?
True
Let s = -342 - -355. Is 2964/s - (-1 + 6) prime?
True
Suppose 2*g - 5*l = -156 + 7, 2*l = -5*g - 416. Let f = g + 84. Let u(k) = 63*k**2 + 4*k - 7. Is u(f) prime?
False
Let w be (-9)/(-21) - (-1887400)/56. Suppose 0 = 3*m + 5*m - w. Is m prime?
False
Let k(h) = 11*h**2 + 17*h + 13. Suppose -c - 3*o = -0*o - 7, 3*o = 3. Suppose 0 = -3*r - 15, 4*y - 37 - 19 = c*r. Is k(y) a composite number?
True
Suppose 0 = -s + 5*s - 24. Let w(u) = u**3 - 6*u**2 + 4. Let f be w(s). Is (2 - f)*(-954)/12 composite?
True
Let r be -3 + 72/6 + -6. Suppose 4*n + 5593 + 2082 = x, 5*n = -r*x + 22940. Is x prime?
False
Let p = -31 - -60. Suppose -4*t - 1 = 3*g + 2, -4*g - p = -3*t. Suppose t*q = 1908 + 1929. Is q a composite number?
False
Let d be (3 - (-63)/(-2))*(-2)/3. Let s be (d/(-4) - -2)*(2 - -42). Let j = 568 + s. Is j a composite number?
True
Let f be (28/12 - 3)/(4/(-1422)). Suppose 0 = v + 4*s - f, -3*v - 4*s = s - 711. Suppose 3*h - 396 - v = 0. Is h a composite number?
False
Let c be ((-90)/(-75))/(8/5 + -2). Let d be c/(4/20 + 0). Is 3138/(-9)*d/10 a prime number?
True
Let x = 637 + 19330. Is x a composite number?
True
Suppose 4*m + 2112444 = 6*m + 34*m. Is m prime?
True
Let w(x) = 6*x**2 - 65*x - 137. Is w(-50) a prime number?
False
Let m(b) = 3*b + 47 + 6*b + 5*b - 16*b. Let n be m(24). Let i(w) = -3222*w**3 - 2*w**2 + 2*w + 3. Is i(n) a composite number?
False
Let j = -19307 - -48970. Is j prime?
True
Let a(x) = 4*x**2 - 7*x - 29. Let t be a(-13). Let k = 2812 - t. Suppose -3*o = -5*o + k. Is o a composite number?
True
Is -1693*(-16 - -9) - -12 a composite number?
False
Suppose 94*n + 133*n - 63210022 = 85*n. Is n a prime number?
True
Suppose 13*c = 24*c - 124883. Let f = 19610 - c. Is f a composite number?
True
Let w = -156943 - -392792. Is w composite?
False
Let r(k) = 26*k + 15*k - 104 + 32*k. Is r(9) a composite number?
True
Let s(l) = l**3 - 2*l**2 - 3*l + 5. Suppose -44 = -10*t - 484. Let n = 50 + t. Is s(n) a composite number?
False
Suppose 5*n - 2*h = 4 + 26, 29 = 3*n + h. Let t(m) = 99*m**2 - 14*m + 129. Is t(n) prime?
True
Suppose 0*c = 5*c. Suppose 3*a - 1429 - 68 = c. Is a a composite number?
False
Let l(i) = i**3 + 2*i**2 - i + 103337. Is l(0) prime?
False
Let s = 360282 - -386641. Is s a prime number?
False
Let i = 190757 + 66594. Is i a composite number?
False
Suppose 2*t - 8 = 0, 5*r - 507365 + 49478 = 2*t. Is r composite?
True
Suppose 5*b = -v + 109893, -60*v - 2*b + 439644 = -56*v. Is v a composite number?
False
Let d = -42 + 44. Suppose 0 = 5*c - 15 + 40, 5*k = -d*c + 10375. Is k a composite number?
True
Let n(p) = -p - 31 - 3*p + 30 + 3*p. Let k be n(-5). Suppose k*g = -3*f - f + 1056, 0 = -5*g - f + 1324. Is g a prime number?
False
Let w = -1820 - -990. Is 3 - (w - (13 + -7)) prime?
True
Suppose -1135 = 2*x - 3683. Suppose -v + x = -383. Is v composite?
False
Let w(u) = u**3 - 4*u + 12355. Let j be w(0). Suppose j = 6*t - 19007. Is t a composite number?
False
Let q(s) = -31304*s**3 - 4*s**2 + 4*s + 7. Is q(-1) prime?
False
Let y be 0*(10/4 - 2). Suppose y = -7*k + 4*k - 4*f + 30641, 4*f = -k + 10219. Is k prime?
True
Let u(v) = 33727*v**2 + 300*v + 1452. Is u(-5) a prime number?
True
Suppose 4*c = -f + 28, -f = -2*c - 3*f + 8. Is (22314*4/8)/(24/c) prime?
True
Let d(a) = 8*a**2 - a**3 + 11*a**2 + 8*a**2 - 23 + 2*a**3 + 46*a. Is d(-21) prime?
True
Suppose 3*r = -12*r + 213888 + 69327. Is r composite?
True
Suppose -233*k + 232*k + 5*l = -1036243, l + 6 = 0. Is k a prime number?
True
Let s(v) = 1872*v**2 - 106*v - 433. Is s(-12) prime?
True
Let v be (-4 + 8 - 5)*2*2. Is (-63)/126 - 4654/v prime?
True
Suppose -6*y + 208 - 52 = 0. Suppose y = -15*t + 101. Is 3276/8 - t/10 composite?
False
Let k(n) be the second derivative of 13*n**5/15 + 7*n**4/24 - 5*n**3/3 - 3*n. Let c(v) be the second derivative of k(v). Is c(6) prime?
True
Suppose -12*i = -5*i - 49. Suppose 0 = -i*m - 1428 + 16681. Is m composite?
False
Let a(d) = -4*d + 6. Let g be a(2). Let q(u) = 54*u**3 + 4*u**2 + 3*u. Let m be q(g). Let f = m - -671. Is f composite?
True
Let d be ((-14)/(-10) - 2) + 3390/25. Suppose -l + 2*n + 8 = -22, 3*n + d = 4*l. Is (2 - l)/((-8)/596) a composite number?
True
Let i = -25 + 37. Suppose 4*m = -6*b + b - i, -16 = 4*b. Suppose 5*v = -15, m*o + 2*o - 4*v = 8504. Is o a composite number?
True
Let r = 78999 - 10022. Is r prime?
False
Let r = 28 + -32. Let o(u) = 3*u**2 + u + 4. Let l be o(r). Suppose -532 = -4*j + 5*f + l, -3*f = -2*j + 290. Is j composite?
True
Is 1/(-4) + 17 + (-22570830)/(-120) composite?
False
Let n = -19 - 21. Let y be -5*(5 - 3)/(n/(-36)). Is ((-2756)/2)/(7 + y) a prime number?
False
Let b be (-14)/(1/4 - 3164/12784). Let g = -822 - b. Is g composite?
True
Suppose -3*d = -2*s - 7, -3*d + 6*s - s + 4 = 0. Suppose i + 4962 = d*o - 2*i, 6637 = 4*o + 3*i. Is o prime?
True
Is ((-196595)/(-15) - -1)/((-12)/(-18)) prime?
True
Suppose -2*p - 194585 = -4*l + 797, -5*p - 48832 = -l. Is l composite?
False
Is -56046*36/(-240) - (3/(-30) - 0) a prime number?
False
Suppose -4*c = u - 5196 + 771, -2*u + 8846 = 4*c. Is u prime?
True
Suppose 0 = 4*y + 12 - 32. Suppose 0 = w + h - 366, 0 = 2*h - y - 3. Is w composite?
True
Let g(w) = -3*w + 65. Let m(q) = q**3 - 24*q**2 - 22*q - 55. Let o be m(25). Let h be g(o). Is 1*1981 - h/(5/(-4)) composite?
True
Let s(x) = x**3 + 6*x**2 + x + 6. Let h be s(-6). Suppose 10*o - 8 - 42 = h. Suppose -b - c + 407 = c, o*b - 2*c - 1975 = 0. Is b prime?
True
Suppose 4*b - 113 - 21 = -2*s, 0 = 3*b + 5*s - 90. Suppose 600 = -b*g + 36*g. Let y = 277 + g. Is y a prime number?
True
Let w(f) = 2560*f + 5593. Is w(25) composite?
False
Let l(v) be the second derivative of 25*v**3/6 - 83*v**2/2 + 2*v - 25. Is l(22) a prime number?
True
Let o = -263 + 364. Suppose -16424 = 93*p - o*p. Is p composite?
False
Let u = 17 + -14. Suppose 0 = -u*r + 42 + 762. Suppose -7*p + r + 2609 = 0. Is p composite?
True
Suppose -3*t + 2*b + 750581 = 0, -15 = -3*b - 18. Is t a composite number?
True
Let w = -673268 + 1039171. Is w composite?
False
Suppose 98065 = -177*m + 188*m. Is m/9 - 88/(-198) prime?
True
Let k(x) = 9398*x + 5107. Is k(20) a composite number?
True
Let t(h) = 3485*h**2 + 9*h - 